emainder when o is divided by 17.
16
Let l(q) = 31*q**2 + 4*q - 2. Suppose -2*f - 18 = -3*f. What is the remainder when l(1) is divided by f?
15
Suppose -4*g + k = -79, -2*k - 41 = -2*g - k. Calculate the remainder when g is divided by 5.
4
Let m(w) = w + 3*w - 2 + 3*w**2 - 1. Let g be m(-5). Suppose -192 + g = -4*u. Calculate the remainder when u is divided by 12.
11
Let h(r) = -r + 13. Let a be h(8). Suppose 0*n + a*n - 230 = 0. Let b = 31 - 15. Calculate the remainder when n is divided by b.
14
Suppose -3*r + 45 = -4*p, 2*r + 3*r - 46 = -3*p. Suppose 0 = 2*z - 7 - 5. Calculate the remainder when 3/z*8 + 27 is divided by r.
9
Suppose -151 = -c - 5*s, 2*c - 4*s + s - 289 = 0. What is the remainder when c is divided by 21?
20
Let q = 2 - 0. Let v = q - 3. What is the remainder when 2*v + 6 + 4 is divided by 3?
2
Suppose 0*k + 95 = 5*k. Let s = 4 + -8. What is the remainder when k is divided by 2/s*20/(-1)?
9
Let c = -4 - -4. Suppose c = -4*d + 2*d + 18. Calculate the remainder when 26 is divided by d.
8
Let j be 10 + -11 + 36/(-2). Let g = -1 - j. Calculate the remainder when 35 is divided by g.
17
Let k = 14 - 10. Calculate the remainder when 14 is divided by ((-10)/(-3))/(k/6).
4
Suppose 2*j - 19 - 2 = m, j - 2*m - 18 = 0. Suppose -3*f - 2*f = -145. Suppose 3 - 16 = -x + 2*g, 3*x - f = 4*g. What is the remainder when j is divided by x?
2
Suppose -215 = 5*a - 640. Let k(j) = -23*j + 12. Let u be k(-5). Let d = u - a. What is the remainder when d is divided by 22?
20
Let r(v) = -v**3 + 6*v - 5*v**2 + 0*v**3 - 8 + 4. Let y be r(-6). Let d(c) = -8*c - 2. What is the remainder when d(y) is divided by 16?
14
Calculate the remainder when (428/((-12)/(-3)))/1 is divided by (-36)/(-24) + 102/4.
26
Suppose -3*u - 2 = -4*u. Suppose 4*j = 4*p - 40, 0*j + j + 22 = u*p. What is the remainder when 21 is divided by p?
9
Let q(h) = -7*h - 1. Let y(r) = -r**3 - 4*r**2 - 3*r - 3. Suppose -3*o - 8 = 4. Calculate the remainder when q(-5) is divided by y(o).
7
Let m(b) = b**3 + 14*b**2 - 32*b. Let w be m(-16). Let k be 10/4 - (-1)/(-2). Suppose -k*p + p + 50 = w. Calculate the remainder when p is divided by 13.
11
Let c = -29 + 50. Calculate the remainder when 60 is divided by c.
18
Let d = 4 - -1. Suppose -4*t = -d*x - 45, -t + 3*x = t - 23. Calculate the remainder when 29 is divided by t.
9
Let o = 48 + -26. Suppose 2*z = 3*p, 2*p + 3 = -5*z + 22. Suppose -32 = -2*f - p*f. What is the remainder when o is divided by f?
6
Let m = 49 - 26. Let l = 7 - 5. Suppose 5*r + l*b - b = 32, -r + 2*b = -2. Calculate the remainder when m is divided by r.
5
What is the remainder when 8 is divided by (-18)/(-8)*24/18?
2
Suppose -2*w + 0*w + 4 = 0. Suppose 5*t - 4*x = 65, 5*t = -w*x + x + 65. Calculate the remainder when t is divided by 4.
1
Suppose 5*z - 226 = -2*y, 6*y = -3*z + 4*y + 134. What is the remainder when z is divided by 18?
10
Let l = 0 + 4. Suppose -g = g + l*f + 2, -5*f - 6 = 2*g. What is the remainder when (-2)/(-8) - (-75)/4 is divided by g?
5
Let y(c) = c - 5. Let p be y(9). Suppose -3*g + p = 5*v, -4*g + 13 = 4*v - 3. What is the remainder when g is divided by 5?
3
Suppose 4*z + l - 3*l = -4, -4*l + 8 = -3*z. Let o be (-10 - z)/(-3 - -2). Suppose o = -w + 38. What is the remainder when w is divided by 15?
13
Let j be (0 - (-1 - -1))/(-1). Let u be -1*(25 + 3 - j). Let y = u + 47. What is the remainder when y is divided by 5?
4
Let s = 84 + -45. Calculate the remainder when s is divided by 11.
6
Let w = 3 + -1. Let m(b) = b**2 - 6 + 2*b - 8*b + 0*b**w. Calculate the remainder when 19 is divided by m(8).
9
Let l = 29 + -21. Calculate the remainder when 61 is divided by l.
5
Suppose -4*d = -d - 24. Calculate the remainder when 23 is divided by (d + 1)/((-3)/(-4)).
11
Suppose -l + 2*l - 14 = 0. Calculate the remainder when l is divided by 4.
2
Let t be (-28)/(-210) + (-4)/30. Calculate the remainder when (t + 2/4)*16 is divided by 5.
3
Let g = -10 - -16. Calculate the remainder when g is divided by 3.
0
Let i be (-4)/6*-18*18. Suppose 74 + 70 = 3*q + 3*w, 0 = -4*q + 4*w + i. Calculate the remainder when q is divided by 18.
15
Let c = -1 + 7. Calculate the remainder when 11 is divided by c.
5
Suppose -a = -0*t + 5*t + 6, 0 = -2*a - t + 24. Suppose 0 = -3*s + 5 + 19. What is the remainder when -1*s*(-6 - -1) is divided by a?
12
Calculate the remainder when (-4)/(164/623 - (-18)/(-63)) is divided by 36.
34
Let l(i) = -21*i**3. Let v be l(-1). Let j = -14 + v. What is the remainder when 10 is divided by j?
3
Suppose 5*q = 8*q - 3. Calculate the remainder when 2 is divided by -2 - (q + -5 + 0).
0
Let l(j) = -j**2 + 24*j - 22. Calculate the remainder when l(19) is divided by 15.
13
Suppose -3*s + 32 = 4*y, s = -y + 1 + 8. Let c = s - 10. Let n = c + 9. What is the remainder when n is divided by 2?
1
Let s be (13 - (-4 + 2)) + 2. Let o = s - -8. Let v(q) = -5*q - 21. Calculate the remainder when o is divided by v(-7).
11
Let n = -7 - -11. Suppose n*x - 38 - 2 = 0. Let o(g) = 3*g. What is the remainder when x is divided by o(2)?
4
Let m = 0 + 2. Suppose m*q + 3*q = 40. Calculate the remainder when q is divided by 5.
3
Suppose 4*h + 3*n - 20 = 0, 0 = 5*h - 5*n - 10 - 50. Calculate the remainder when 11 is divided by h.
3
Let n(z) = -z - 6. Let h be n(-6). Suppose -2 + 10 = 2*v. Suppose h = -0*f - v*f + 24. What is the remainder when 16 is divided by f?
4
Let v(s) = s**2 + 14*s - 26. Suppose -j + 6 = -6. What is the remainder when v(-18) is divided by j?
10
Let z(t) = 3*t**2 - 5*t + 14. Let l(h) = h**2 - 2*h + 5. Let v(n) = -11*l(n) + 4*z(n). What is the remainder when v(-2) is divided by 1?
0
Suppose -p + 21 = 2*p. What is the remainder when 7/(p/(-2)) - -29 is divided by 14?
13
Let t(k) = k**3 - 2*k**2 + 2*k + 1. Let r be t(2). Suppose h + 3*h + 5*a = -12, 0 = -r*h - 3*a - 2. What is the remainder when 6 is divided by h?
0
Let n = -3 - -25. Calculate the remainder when 63 is divided by n.
19
Suppose 5*t = -2*j - 89, -2*j + 0*j + 2*t - 54 = 0. Let l = -23 - j. Calculate the remainder when 35 is divided by l.
8
Let w(t) = 13*t**3 - 28*t**2 - 29*t + 28. Let g(q) = -3*q**3 + 7*q**2 + 7*q - 7. Let f(b) = 9*g(b) + 2*w(b). What is the remainder when f(6) is divided by 20?
19
Let y = 9 - 6. Suppose 8*s = y*s + 155. What is the remainder when s is divided by 11?
9
Let p(h) = 2*h**2 + 2*h - 9. Calculate the remainder when p(4) is divided by 8.
7
Calculate the remainder when ((-1911)/4)/(-3) - 3/12 is divided by 9.
6
Suppose -5*i = -i - 772. Suppose 5*y - 2*s = -i, -4*s - 43 + 234 = -5*y. Let m = y + 101. What is the remainder when m is divided by 21?
20
Suppose -2*q - q + 60 = 0. What is the remainder when q is divided by 6?
2
Let d(x) be the second derivative of x**4/4 + x**3/3 - x**2 - 6*x. Calculate the remainder when d(-3) is divided by (-15)/(-1 - (-2)/(-4)).
9
Let c(b) = -7*b**3 + 3*b**2 + b - 1. Calculate the remainder when c(-1) is divided by 2.
0
Let l(y) = -y + 16. Calculate the remainder when 2/2*(35 + 2) is divided by l(6).
7
Let j = -17 - -54. Let u = 13 + 7. What is the remainder when j is divided by u?
17
Let j(b) = 4*b - 4. Let c(w) = -2*w - 1. Let g be c(-3). Let n be j(g). Suppose -3*l + 5*l = n. Calculate the remainder when 14 is divided by l.
6
Let c be (-1)/4 + (-123)/(-12). Suppose 0 = -2*q + c + 40. What is the remainder when q is divided by 7?
4
Let i(b) = 11*b. Let n = -1 + 10. Calculate the remainder when i(3) is divided by n.
6
Suppose 3*j - 5*j = -2. What is the remainder when j*(-4)/8*-14 is divided by 3?
1
Let g(o) = 2*o**2 - 14*o + 10. Let n be g(12). Let d = n + -73. Calculate the remainder when d is divided by 15.
12
Suppose -24 = -4*a + a. Let l = 8 - 3. Calculate the remainder when a is divided by l.
3
Let c = -11 + 14. Suppose k - 4 = -0*k + 2*z, 3*k - 18 = c*z. Calculate the remainder when 14 is divided by k.
6
Let a(c) = -c**3 + 17*c**2 + 5. Calculate the remainder when 11 is divided by a(17).
1
Let c(d) = -d**3 - 8*d**2 - d - 7. What is the remainder when 9 is divided by c(-8)?
0
Let u be 40/4*(-1)/(-2). Suppose -u*j = -2*j - 36. What is the remainder when 21 is divided by j?
9
Let c(v) = 10*v**2 - v - 1. What is the remainder when 161 is divided by c(-2)?
38
Suppose 14 = 5*y - 71. Suppose 4*d - y = 3. Suppose -3*f = -2*j + 36, 4*j + 5*f